{"id":165,"date":"2021-05-08T11:34:35","date_gmt":"2021-05-08T09:34:35","guid":{"rendered":"https:\/\/misscatou.wordpress.com\/?page_id=164"},"modified":"2021-05-08T11:34:35","modified_gmt":"2021-05-08T09:34:35","slug":"materiel","status":"publish","type":"page","link":"https:\/\/www.misscatou.fr\/index.php\/machines-3\/materiel\/","title":{"rendered":"Mes machines"},"content":{"rendered":"\n<p><\/p>\n\n\n\n<h2 class=\"wp-block-heading\" id=\"block-6eed1532-3990-4818-a3ad-2f4949aa6f83\">Machine \u00e0 coudre Elna 520S<\/h2>\n\n\n\n<figure class=\"wp-block-image\" id=\"block-3f220877-0fc1-4d9c-bbba-a2ba73a56d4a\"><img decoding=\"async\" src=\"https:\/\/misscatou.files.wordpress.com\/2021\/05\/elna-520s-2.jpeg?w=1024\" alt=\"Cette image a un attribut alt vide\u00a0; le nom du fichier est elna-520s-2.jpeg\"\/><\/figure>\n\n\n\n<p id=\"block-402eb7ac-83f7-42ee-9e90-74c5a43e81e3\">Achet\u00e9e en mai 2020, cette machine ne m&#8217;a encore jamais d\u00e9\u00e7ue. Manteaux, robes, pantalons, chemisiers, elle en aval\u00e9 des kilom\u00e8tres de tissus sans broncher ! Je la trouve plut\u00f4t silencieuse et son utilisation ne pose aucune difficult\u00e9. Je l&#8217;ai choisie pour son bon rapport qualit\u00e9\/prix. Je cherchais une machine robuste et performante. Une machine haut de gamme ne correspondait pas \u00e0 mon besoin. J&#8217;appr\u00e9cie le r\u00e9glage de la pression du pied de biche lorsque j&#8217;utilise des tissus fins. Coup de c\u0153ur sur les boutonni\u00e8res automatiques qui sont toujours parfaitement ex\u00e9cut\u00e9es.<\/p>\n\n\n\n<h2 class=\"wp-block-heading\" id=\"block-41510c53-4cda-4b0b-876b-fbe9c02bf473\">Brodeuse : Brother Innovis 870SE<\/h2>\n\n\n\n<figure class=\"wp-block-image\" id=\"block-38bfa3ca-ff86-4555-a3fa-a5482f2e6b46\"><img decoding=\"async\" src=\"https:\/\/misscatou.files.wordpress.com\/2021\/05\/brother-870se.jpeg?w=1024\" alt=\"Cette image a un attribut alt vide\u00a0; le nom du fichier est brother-870se.jpeg\"\/><\/figure>\n\n\n\n<p id=\"block-ff9552bc-7933-43d0-9da1-656b0db389d7\">La brodeuse a rejoint mon atelier en septembre 2020. J&#8217;aime la possibilit\u00e9 de personnaliser mes cr\u00e9ations. Mon premier projet \u00e9tait mon coussin d&#8217;alliances. Je n&#8217;avais pas \u00e9norm\u00e9ment de temps pour le faire, j&#8217;avais choisi motif assez simple \u00e0 retravailler afin qu&#8217;il me corresponde.<\/p>\n\n\n\n<h2 class=\"wp-block-heading\" id=\"block-a58b4328-defe-4ad8-9284-d980787d7d17\">Recouvreuse : Janome CoverPro CPX2000<\/h2>\n\n\n\n<figure class=\"wp-block-image\" id=\"block-edf52cd1-2d97-4a0e-ab30-81eb24cf74c5\"><img decoding=\"async\" src=\"https:\/\/misscatou.files.wordpress.com\/2021\/05\/cpx2000.jpeg?w=1024\" alt=\"Cette image a un attribut alt vide\u00a0; le nom du fichier est cpx2000.jpeg\"\/><\/figure>\n\n\n\n<p id=\"block-c2aaff01-38f0-4ec1-9d1c-6b1b0a72417e\">La recouvreuse CPX2000 m&#8217;accompagne depuis d\u00e9cembre 2020. J&#8217;ai voulu me faire plaisir pour No\u00ebl ! Plus je couds des v\u00eatements, plus j&#8217;accorde d&#8217;importances aux jolies finitions. J&#8217;avais d\u00e9j\u00e0 une surjeteuse, la recouvreuse est souvent la machine qui suit. Les ourlets sont impeccables mais c&#8217;est loin d&#8217;\u00eatre son seul usage. Je l&#8217;utilise aussi beaucoup pour la solidit\u00e9 du point de cha\u00eenette. Parfait pour la fourche des pantalons.<\/p>\n\n\n\n<h2 class=\"wp-block-heading\" id=\"block-266386f2-83e1-470d-9845-018882e0937a\">Surjeteuse : Janome babylock 150 Jubil\u00e9e<\/h2>\n\n\n\n<figure class=\"wp-block-image\" id=\"block-8886fe3d-7fb1-4613-a3bd-daaa8df0392e\"><img decoding=\"async\" src=\"https:\/\/misscatou.files.wordpress.com\/2021\/05\/janome-150-jubilee.jpeg?w=768\" alt=\"Cette image a un attribut alt vide\u00a0; le nom du fichier est janome-150-jubilee.jpeg\"\/><\/figure>\n\n\n\n<p id=\"block-3515a456-89af-430a-a95e-cf264be8ee79\">En mars 2021, j&#8217;ai eu envie de remplacer ma Brother 1334D. Je cherchais une nouvelle fois un mod\u00e8le robuste, loin de l&#8217;obsolescence programm\u00e9e. Je n&#8217;ai pas c\u00e9d\u00e9 aux sir\u00e8nes des surjeteuses avec enfilage \u00e0 air. L&#8217;enfilage n&#8217;a jamais \u00e9t\u00e9 un souci pour moi. Avec ce mod\u00e8le, l&#8217;enfilage se fait rapidement sans difficult\u00e9 particuli\u00e8re. J&#8217;aime aussi pouvoir conserver la main sur le r\u00e9glage des tensions.<\/p>\n","protected":false},"excerpt":{"rendered":"<p>Machine \u00e0 coudre Elna 520S Achet\u00e9e en mai 2020, cette machine ne m&#8217;a encore jamais d\u00e9\u00e7ue. Manteaux, robes, pantalons, chemisiers, elle en aval\u00e9 des kilom\u00e8tres de tissus sans broncher ! Je la trouve plut\u00f4t silencieuse et son utilisation ne pose aucune difficult\u00e9. Je l&#8217;ai choisie pour son bon rapport qualit\u00e9\/prix. Je cherchais une machine robuste [&hellip;]<\/p>\n","protected":false},"author":1,"featured_media":0,"parent":88,"menu_order":1,"comment_status":"closed","ping_status":"closed","template":"","meta":{"footnotes":""},"class_list":["post-165","page","type-page","status-publish","hentry"],"_links":{"self":[{"href":"https:\/\/www.misscatou.fr\/index.php\/wp-json\/wp\/v2\/pages\/165","targetHints":{"allow":["GET"]}}],"collection":[{"href":"https:\/\/www.misscatou.fr\/index.php\/wp-json\/wp\/v2\/pages"}],"about":[{"href":"https:\/\/www.misscatou.fr\/index.php\/wp-json\/wp\/v2\/types\/page"}],"author":[{"embeddable":true,"href":"https:\/\/www.misscatou.fr\/index.php\/wp-json\/wp\/v2\/users\/1"}],"replies":[{"embeddable":true,"href":"https:\/\/www.misscatou.fr\/index.php\/wp-json\/wp\/v2\/comments?post=165"}],"version-history":[{"count":0,"href":"https:\/\/www.misscatou.fr\/index.php\/wp-json\/wp\/v2\/pages\/165\/revisions"}],"up":[{"embeddable":true,"href":"https:\/\/www.misscatou.fr\/index.php\/wp-json\/wp\/v2\/pages\/88"}],"wp:attachment":[{"href":"https:\/\/www.misscatou.fr\/index.php\/wp-json\/wp\/v2\/media?parent=165"}],"curies":[{"name":"wp","href":"https:\/\/api.w.org\/{rel}","templated":true}]}}